ctors of t.
2, 1163
Let a be 2*1/4 - (-15)/2. Suppose 14*x - a = 12*x. Suppose 3*z + x*p - 295 - 403 = 0, -z = 5*p - 240. What are the prime factors of z?
2, 5, 23
Suppose -12*j + 65 = -307. Suppose -y + 4*t = 2*y + 25, -5*y - 4*t = j. What are the prime factors of 2/y + 534/7?
2, 19
Let l = 90 - 86. Suppose -5*b + 14 = -z + l*z, -z + 4 = b. Suppose z*x - 5*k - 476 = 0, 156 = x - 5*k - 16. What are the prime factors of x?
2, 19
Suppose -3*q + 1133 = p + 4*p, 674 = 3*p - 4*q. Suppose -2*g = -0*g - 126. Let x = p - g. What are the prime factors of x?
163
Suppose -f - 2*r + 21 = -r, -5*f = -2*r - 133. Suppose -2*p - 22 = p + 2*o, 5*p + o = -f. List the prime factors of ((-2443)/35 - -7)*10/p.
157
Let y = 838 - 392. What are the prime factors of y?
2, 223
Let h be (-3)/(-4) + (-33)/44. Suppose 3*n + 160 + 278 = h. Let b = 204 + n. What are the prime factors of b?
2, 29
Suppose -25510 = -3*n + 4*r, 8239 = n + 5*r - 296. What are the prime factors of n?
2, 5, 23, 37
Let h(g) = -552*g**3 - g**2 - 9*g - 17. What are the prime factors of h(-3)?
5, 11, 271
Let h = -18968 + 77644. List the prime factors of h.
2, 14669
Let t(z) = -14*z + z - 2 - 15*z. Let j be t(-1). Suppose m = -k + j, 5*m - 5*k + 4*k = 160. List the prime factors of m.
31
Let q(z) = -452*z - 326. List the prime factors of q(-4).
2, 3, 13, 19
What are the prime factors of 1101*(-2)/18*-54?
2, 3, 367
Suppose -2*t + 4*i + 1905 + 1191 = 0, -2*i + 12 = 0. List the prime factors of t.
2, 3, 5, 13
Suppose 0 = 5*v + 513 - 18. Let a = 105 + v. What are the prime factors of 0 - 5 - (-1074)/a?
2, 3, 29
Let n(j) = -529*j - 4. Let c be n(2). Let g = c + 1920. What are the prime factors of g?
2, 3, 11, 13
Suppose -5*a = -60179 + 5304. What are the prime factors of a?
5, 439
Let w(f) be the first derivative of -f**4/4 - 19*f**3/3 + 6*f**2 + 20*f - 46. What are the prime factors of w(-20)?
2, 3, 5
What are the prime factors of (1/2)/((-57732)/28872 - -2)?
3, 401
Let r(k) = 27*k**2 + 6*k + 8. Let c be r(-2). Suppose 5*q - 3*t - 1927 = 0, q - 2*t = c + 280. List the prime factors of q.
2, 193
Let l(a) = -a**3 - 9*a**2 + 6*a - 33. Let j be l(-10). Let z(v) = 4*v**2 + 6*v + 1. List the prime factors of z(j).
239
Suppose -4*v + 3*p = -34, 5*v + 5*p - 29 = 2*p. Suppose 4*j = -b + 34, -2*b + j + 48 = v. Let y = b + 20. List the prime factors of y.
2, 3, 7
Let n(d) = -d - 2. Let i(z) = -2*z**2 - z + 1. Let a be i(-2). Let c be n(a). Suppose -c*p = -2*p - 28. List the prime factors of p.
2, 7
Suppose 45*t - 43*t = -4*h + 3244, -3*t = -4*h - 4856. What are the prime factors of t?
2, 3, 5
Let f(i) = 5*i**2 + 15*i. Let w be f(-2). What are the prime factors of 5/(w/(-986))*1?
17, 29
What are the prime factors of 1*7/(-6) + 1374276/72?
2, 3, 3181
Suppose 0 = -0*g - 10*g - 64961 + 472951. List the prime factors of g.
11, 3709
Suppose 0 = -d - 149 - 118. Let y(v) = -2*v**2 - 45*v - 92. Let m be y(-29). Let a = d - m. What are the prime factors of a?
2, 101
Suppose 0 = t - 0*t - 3, s - 4*t = 20602. List the prime factors of s.
2, 11, 937
Suppose 48*w - 46*w = -3188. Let s = -970 - w. List the prime factors of s.
2, 3, 13
Let p = -3427 - -6709. Suppose 9132 = 6*i + p. What are the prime factors of i?
3, 5, 13
Let g(n) = -3*n**3 - 131*n**2 - 51*n - 104. List the prime factors of g(-44).
2, 1019
Let d be (11/5 + -4)/((-48)/544240). Suppose -49*v - 1887 = -d. List the prime factors of v.
2, 3, 7
Let s be 6/(-4)*-1*(-16)/(-12). Suppose -54 = -5*n - r, 2*n + s*r + 13 = 3*n. Suppose -n*d + 1124 = -515. What are the prime factors of d?
149
Let z(f) = 30*f**3 + 2*f**2 + f - 1. Let l be z(-1). What are the prime factors of (l/18)/(-2*2/1284)?
5, 107
Let c(w) = 11*w**2 - 6*w + 6. Suppose -u - 25 = 31. Let q = u + 59. What are the prime factors of c(q)?
3, 29
Let n = 7929 - -4333. List the prime factors of n.
2, 6131
Suppose 2 = 3*o - 7. Let a = -135 - -261. Suppose -a = -o*z + 48. List the prime factors of z.
2, 29
Suppose -5*u - 4*o = -29348, 3*u - 27906 + 10292 = -5*o. What are the prime factors of u?
2, 3, 163
Suppose 96*z - 99*z = -9. Suppose i - 1751 = -0*i - z*w, -3*w + 3502 = 2*i. List the prime factors of i.
17, 103
Let f = 51941 - 35386. List the prime factors of f.
5, 7, 11, 43
Suppose 0 = 8*c - 733 + 2669. Let x = c - -282. List the prime factors of x.
2, 5
Let o be 3 + (-15)/(-5) - 4. Suppose o*u - 9 = -167. Let a = u - -106. What are the prime factors of a?
3
Let m(g) = -g**3 + 23*g**2 + 2. Let p be (-2*40)/(-4) + 3*1. Let c be m(p). List the prime factors of (-1)/c*2 - (-115 - 2).
2, 29
Let a(b) = b**2 - 9*b - 45. Let f = 198 - 214. List the prime factors of a(f).
5, 71
Let u(g) = -71 - 135*g + 40*g + 63. What are the prime factors of u(-13)?
3, 409
What are the prime factors of (16 - 16) + (-6380)/(-1) - (-13 + 7)?
2, 31, 103
Suppose 36*z - 99330 = 25*z. List the prime factors of z.
2, 3, 5, 7, 43
Let v = -600 + 652. Suppose 48*w = v*w + p - 3892, -p = -w + 973. List the prime factors of w.
7, 139
Suppose 912*p - 897*p = 119610. What are the prime factors of p?
2, 3, 443
Let z(w) = -17*w**3 + 3*w**2 + 3*w. Let j be z(-1). Let v(l) = -21 + 10*l**2 - 8*l + 8*l + j + 10*l + l**3. List the prime factors of v(-8).
2, 11
Let z be (-1)/3*1 - (-577)/3. Suppose -13*g - 55 - z = 0. Let l = 60 - g. What are the prime factors of l?
79
Let v be (-7)/(294/(-36))*980. What are the prime factors of (v/150)/(2/20)?
2, 7
Let p be (-2)/(-6) - (-8050)/(-30). Suppose 0 = 4*d + 3*g + 154, -d = -2*d - 5*g - 30. List the prime factors of p/(-5) + (-16)/d.
2, 3
Let f(h) = 976*h - 2053. List the prime factors of f(33).
5, 37, 163
Let r be -5 + (-246)/(-48) - 4687/(-8). What are the prime factors of r/(-3)*((-40)/16 + -2)?
3, 293
Let d be 16/10*405/18. What are the prime factors of (-3)/d*-6 - 1093/(-2)?
547
Let o(i) = i**3 + 17*i**2 - 5*i + 3. Let n be o(-13). Suppose 439 = -13*r - n. Let q = 4 - r. What are the prime factors of q?
5, 19
List the prime factors of (-3)/(-4)*120080/30.
2, 19, 79
Let d be 2/((-65)/(-30) - 2). Suppose d*m - 2453 = m. List the prime factors of m.
223
Let t(b) = -11858*b**3 - 2*b**2 + 313*b + 315. What are the prime factors of t(-1)?
2, 7, 11
Let v(p) = -p**2 - 15*p + 11. Let f be v(5). Let b = f + 1337. What are the prime factors of b?
2, 3, 13
Suppose -6972*j = -6963*j - 1431. Let y(t) = t**3 + 6*t**2 - 5*t. Let v be y(-6). Let a = v + j. What are the prime factors of a?
3, 7
Let q = 16788 - 6835. What are the prime factors of q?
37, 269
Let l(k) = -461*k + 170. List the prime factors of l(-18).
2, 29, 73
Let j be (18 - 3)/5 + -594 + -1. Let o = -268 - j. List the prime factors of o.
2, 3
Suppose 56*t - 33598 - 71813 = 59061. What are the prime factors of t?
3, 11, 89
Let x = 283 - 283. Suppose -5*k + 2354 + 2141 = x. List the prime factors of k.
29, 31
Let g(o) = -2*o**3 + 64*o**2 - 32*o - 162. What are the prime factors of g(27)?
2, 3, 29
Suppose -4*k = -4, 5*f - k = -0*f + 19. Suppose f*j - 537 = j. What are the prime factors of j?
179
Let t be (-39 + 33)*(-133)/3. Let n = t - -304. What are the prime factors of n?
2, 3, 5, 19
Suppose -2*g + 12 = 3*s, -g - 6*s - 12 = -9*s. Suppose 3*w - w - 76 = g. Suppose -8*y = -w - 178. What are the prime factors of y?
3
Let f = 24587 + -11925. List the prime factors of f.
2, 13, 487
Let b(n) = -2*n**2 - 47*n - 11. Suppose 7*k + 39 - 228 = 0. Suppose 198 = -9*w + k. List the prime factors of b(w).
2, 5
Suppose 0 = -111*t + 1744873 - 501451. List the prime factors of t.
2, 3, 1867
List the prime factors of -24 + (-1191496)/(12 + -29).
2, 29, 151
Let c(v) = -9*v - 2. Let k be c(1). Let y(a) = 57*a**3 + 16*a**2 - 4*a**2 + 4*a - 24 + 2*a - 56*a**3. List the prime factors of y(k).
31
Let r(g) = -321*g**3 - 2*g**2 + 21*g + 77. What are the prime factors of r(-4)?
3, 5, 1367
Suppose -15*s + 13*s + 36 = 0. Suppose -c + 5*f - 27 = 0, c + 0*f - s = -4*f. List the prime factors of (9/c)/((-15)/330).
3, 11
Let x be (1 + -16635)/(47 + -49). Suppose -72*s - x = -108253. List the prime factors of s.
2, 347
What are the prime factors of 9/(-27)*3 + (1*8486 - 1)?
2, 3, 7, 101
Let f be 4*6/12 - 5*2. Let i be (42/f)/((-8)/(-96)) + 1. Let s = 144 + i. What are the prime factors of s?
2, 41
Suppose 617 = 5*f + 607. What are the prime factors of ((-4)/(-10))/(2*f/7180)?
2, 359
Let b be (